
What are the prime factors of 614?
2, 307
List the prime factors of 922.
2, 461
List the prime factors of 1204.
2, 7, 43
What are the prime factors of 1009?
1009
What are the prime factors of 3275?
5, 131
What are the prime factors of 2032?
2, 127
What are the prime factors of 4221?
3, 7, 67
What are the prime factors of 17395?
5, 7, 71
What are the prime factors of 2363?
17, 139
List the prime factors of 24084.
2, 3, 223
List the prime factors of 2824.
2, 353
What are the prime factors of 8505?
3, 5, 7
List the prime factors of 2403.
3, 89
What are the prime factors of 713?
23, 31
List the prime factors of 8602.
2, 11, 17, 23
What are the prime factors of 6495?
3, 5, 433
List the prime factors of 4020.
2, 3, 5, 67
What are the prime factors of 81248?
2, 2539
What are the prime factors of 601?
601
What are the prime factors of 3216?
2, 3, 67
List the prime factors of 13600.
2, 5, 17
List the prime factors of 20265.
3, 5, 7, 193
List the prime factors of 1166.
2, 11, 53
What are the prime factors of 16166?
2, 59, 137
List the prime factors of 61915.
5, 7, 29, 61
List the prime factors of 7739.
71, 109
List the prime factors of 9387.
3, 7, 149
What are the prime factors of 5986?
2, 41, 73
List the prime factors of 588.
2, 3, 7
List the prime factors of 6534.
2, 3, 11
What are the prime factors of 18966?
2, 3, 29, 109
List the prime factors of 1940.
2, 5, 97
What are the prime factors of 25964?
2, 6491
List the prime factors of 26370.
2, 3, 5, 293
What are the prime factors of 8060?
2, 5, 13, 31
What are the prime factors of 2316?
2, 3, 193
List the prime factors of 99443.
277, 359
What are the prime factors of 28656?
2, 3, 199
List the prime factors of 54069.
3, 67, 269
What are the prime factors of 24585?
3, 5, 11, 149
What are the prime factors of 2989?
7, 61
List the prime factors of 47280.
2, 3, 5, 197
List the prime factors of 4950.
2, 3, 5, 11
List the prime factors of 38.
2, 19
List the prime factors of 681.
3, 227
List the prime factors of 64514.
2, 32257
List the prime factors of 17726.
2, 8863
What are the prime factors of 1195?
5, 239
List the prime factors of 30806.
2, 73, 211
List the prime factors of 6385.
5, 1277
List the prime factors of 56943.
3, 19, 37
What are the prime factors of 18572?
2, 4643
What are the prime factors of 4068?
2, 3, 113
What are the prime factors of 2318?
2, 19, 61
What are the prime factors of 1247?
29, 43
What are the prime factors of 7342?
2, 3671
List the prime factors of 1115.
5, 223
What are the prime factors of 2520?
2, 3, 5, 7
List the prime factors of 7121.
7121
What are the prime factors of 73670?
2, 5, 53, 139
What are the prime factors of 15507?
3, 1723
What are the prime factors of 2272?
2, 71
What are the prime factors of 8534?
2, 17, 251
What are the prime factors of 2368?
2, 37
What are the prime factors of 5092?
2, 19, 67
List the prime factors of 1580.
2, 5, 79
List the prime factors of 1962.
2, 3, 109
What are the prime factors of 59550?
2, 3, 5, 397
What are the prime factors of 7460?
2, 5, 373
List the prime factors of 104439.
3, 31, 1123
List the prime factors of 62482.
2, 7, 4463
List the prime factors of 11342.
2, 53, 107
What are the prime factors of 717?
3, 239
List the prime factors of 2868.
2, 3, 239
What are the prime factors of 24480?
2, 3, 5, 17
List the prime factors of 840.
2, 3, 5, 7
List the prime factors of 10247.
10247
What are the prime factors of 4055?
5, 811
List the prime factors of 906.
2, 3, 151
List the prime factors of 1243.
11, 113
What are the prime factors of 22802?
2, 13, 877
List the prime factors of 40499.
40499
What are the prime factors of 3136?
2, 7
List the prime factors of 97417.
61, 1597
List the prime factors of 45858.
2, 3, 7643
What are the prime factors of 68976?
2, 3, 479
What are the prime factors of 30261?
3, 7, 11, 131
List the prime factors of 767.
13, 59
What are the prime factors of 49461?
3, 16487
What are the prime factors of 90?
2, 3, 5
What are the prime factors of 15969?
3, 5323
List the prime factors of 66331.
113, 587
What are the prime factors of 3488?
2, 109
List the prime factors of 961.
31
What are the prime factors of 2214?
2, 3, 41
List the prime factors of 3289.
11, 13, 23
What are the prime factors of 2740?
2, 5, 137
List the prime factors of 6657.
3, 7, 317
What are the prime factors of 32463?
3, 3607
What are the prime factors of 11247?
3, 23, 163
List the prime factors of 7174.
2, 17, 211
List the prime factors of 2721.
3, 907
List the prime factors of 46217.
113, 409
List the prime factors of 22992.
2, 3, 479
List the prime factors of 3207.
3, 1069
List the prime factors of 13767.
3, 13, 353
List the prime factors of 2054.
2, 13, 79
What are the prime factors of 830?
2, 5, 83
What are the prime factors of 799?
17, 47
List the prime factors of 26050.
2, 5, 521
List the prime factors of 2589.
3, 863
What are the prime factors of 145542?
2, 3, 127, 191
List the prime factors of 2640.
2, 3, 5, 11
List the prime factors of 1168.
2, 73
List the prime factors of 522.
2, 3, 29
List the prime factors of 705.
3, 5, 47
List the prime factors of 95222.
2, 47, 1013
List the prime factors of 159117.
3, 7, 7577
What are the prime factors of 26298?
2, 3, 487
List the prime factors of 15010.
2, 5, 19, 79
What are the prime factors of 9987?
3, 3329
List the prime factors of 11112.
2, 3, 463
List the prime factors of 7600.
2, 5, 19
What are the prime factors of 20481?
3, 6827
List the prime factors of 6031.
37, 163
What are the prime factors of 3569?
43, 83
List the prime factors of 50015.
5, 7, 1429
What are the prime factors of 23057?
23057
List the prime factors of 4509.
3, 167
List the prime factors of 1756.
2, 439
List the prime factors of 17866.
2, 8933
What are the prime factors of 93902?
2, 29, 1619
List the prime factors of 703.
19, 37
List the prime factors of 17740.
2, 5, 887
List the prime factors of 48852.
2, 3, 23, 59
List the prime factors of 1081.
23, 47
List the prime factors of 5735.
5, 31, 37
List the prime factors of 3583.
3583
What are the prime factors of 73291?
73291
List the prime factors of 1038.
2, 3, 173
List the prime factors of 72538.
2, 36269
List the prime factors of 1668.
2, 3, 139
What are the prime factors of 5422?
2, 2711
What are the prime factors of 7836?
2, 3, 653
What are the prime factors of 4068?
2, 3, 113
What are the prime factors of 990?
2, 3, 5, 11
List the prime factors of 24035.
5, 11, 19, 23
List the prime factors of 21674.
2, 10837
What are the prime factors of 65149?
7, 41, 227
List the prime factors of 2429.
7, 347
List the prime factors of 108574.
2, 54287
List the prime factors of 4465.
5, 19, 47
What are the prime factors of 18763?
29, 647
What are the prime factors of 880?
2, 5, 11
List the prime factors of 22433.
22433
List the prime factors of 1067.
11, 97
List the prime factors of 9386.
2, 13, 19
What are the prime factors of 5683?
5683
What are the prime factors of 5918?
2, 11, 269
List the prime factors of 10104.
2, 3, 421
List the prime factors of 16244.
2, 31, 131
List the prime factors of 355.
5, 71
List the prime factors of 2589.
3, 863
List the prime factors of 26988.
2, 3, 13, 173
What are the prime factors of 10424?
2, 1303
What are the prime factors of 17525?
5, 701
List the prime factors of 2419.
41, 59
What are the prime factors of 23723?
7, 3389
List the prime factors of 1265.
5, 11, 23
What are the prime factors of 14310?
2, 3, 5, 53
What are the prime factors of 57129?
3, 137, 139
What are the prime factors of 9329?
19, 491
What are the prime factors of 31603?
11, 13, 17
What are the prime factors of 1938?
2, 3, 17, 19
List the prime factors of 14428.
2, 3607
What are the prime factors of 3106?
2, 1553
List the prime factors of 75038.
2, 17, 2207
List the prime factors of 2003.
2003
List the prime factors of 27006.
2, 3, 7, 643
List the prime factors of 692.
2, 173
What are the prime factors of 17170?
2, 5, 17, 101
List the prime factors of 6510.
2, 3, 5, 7, 31
What are the prime factors of 2779?
7, 397
What are the prime factors of 7032?
2, 3, 293
List the prime factors of 2659.
2659
List the prime factors of 426.
2, 3, 71
List the prime factors of 7034.
2, 3517
What are the prime factors of 7383?
3, 23, 107
What are the prime factors of 920?
2, 5, 23
List the 